
What is (14 - (-17 - (-11 - (32 + -8)))) + (64 - 0)?
60
What is the value of 19 + (-16 - ((20 - 51) + 7))?
27
Calculate 66 - ((-6 - (-4 - 7) - 19) + 5).
75
Evaluate 6 + -18 + 12 + 11 + -5 + -1 + 27.
32
What is the value of -50 + 4 - (-17 - -2 - (-92 - -48 - -40))?
-35
Evaluate 28 + -52 + 14 - (11 - -12).
-33
What is (-2 - -45) + (4 - (7 - 12) - (-28 - -29))?
51
What is (-106 - (-14 - -7)) + 10 + (-43 - -39)?
-93
(0 - -67 - (43 + -74 - -48)) + 18
68
Evaluate 40 + -9 - ((1 - -2) + 11 - 2).
19
Evaluate 70 + -47 - (-8 + -33 - -1).
63
Calculate 76 + -25 + 11 + -15 + (6 - -28).
81
Calculate 86 + -101 - (0 + -25) - -28.
38
What is 28 + (-3 - 4) - -26 - 13?
34
Calculate 402 + -393 - (-3 + (-4 + 6 - 28)).
38
Evaluate (-77 - (120 + -181)) + 27.
11
Evaluate (-45 - -20 - -11) + -52 + 8.
-58
-9 - (3 + 7 + (-3 - 4)) - (6 - 3)
-15
452 - 441 - (2 - (14 - 5))
18
-143 - (37 + -8 + -55 + -16)
-101
What is the value of 21 + 9 + 21 + (-2 - 5 - (8 - 13))?
49
Calculate -10 + (24 - -15) + (-18 - (-13 - -4) - 2).
18
What is -9 + 2 + (-6 - -9) + (3 - -8) + 56?
63
Calculate -2 - 18 - -7 - (11 + -2 - 7).
-15
What is 2 + (-8 - (1 + -1) - (5622 - 5580))?
-48
What is the value of -444 - -501 - (38 + -3)?
22
Calculate 106 - (79 + 16) - (49 + -1 - (3 + -3)).
-37
50 + (-111 - -127) + -152
-86
What is (8 - 30 - -128) + -48 + 3?
61
Calculate (23 - (12 - -16) - 35) + (-5 - -2).
-43
-8 + ((-19 - -14) + 50 - -9 - -7)
53
Evaluate -61 + (-6 - (2 + 10 + -12)) + 0 + 8.
-59
What is -7 + (1 - -29) + -63 + (-104 - -77)?
-67
-100 + 15 - (52 - 83)
-54
122 + -139 + 1 + (1 + 3 - -3) - -23
14
What is -82 - (6 - -5) - -15 - 2 - -1?
-79
5 + -7 + 10 - (-190 - -81)
117
What is -6 + (4 - (-10 - (8 + -14))) + 2 + -41?
-37
Evaluate (-10 - -41) + -5 - (2 - (-18 + 12)).
18
Calculate 0 - (-76 - -49 - -28).
-1
What is -23 - (-53 + 16 + 4) - (-117 - (-5 - -5))?
127
What is 54 + -76 + 24 - -36?
38
Evaluate -11969 - -11983 - (-3 + 68 - 2).
-49
13 + (-2 - -1) + 47 + (16 - 182 - -41)
-66
Evaluate -10766 + 10721 - (15 + 1).
-61
Evaluate -84 + (-8 + 14 - 26) + 9 + 8 + -9.
-96
What is the value of -170 + 69 + 117 + 2 + 5?
23
Evaluate (-3 - -8) + -2 + -2 + -1 + -6 + -2.
-8
Calculate -19 + (56 - -37) + -35.
39
What is -10 + -2 + (146 - 162) + 20?
-8
What is the value of 1141 + -1146 + (5 - 11) + -35?
-46
12 - ((3 - 0) + 364 + -352)
-3
Calculate 0 + -66 - (-501 - -485).
-50
Evaluate (-121 - -153) + (2 - (6 - 6) - -4).
38
Calculate (10 - 9) + 10 + -3 - (38 + -19 - 66).
55
Evaluate -103 + (-120 - -100) + 159.
36
(-1662 - -1670) + (-51 - (-2 - -1) - 2)
-44
19 + (-10 - (-39 + 18)) - (11 + -4)
23
What is -60 + 75 + -72 - -58 - (1 + 65 + 0)?
-65
-4 - (5 + (8 - (23 + -11)) + 3)
-8
What is -24 + -45 + -10 + 15?
-64
Evaluate 108 - (32 - (-34 + 56)) - 33.
65
What is the value of 19 - (40 + (-49 - 11))?
39
What is the value of (-15 - 0) + (13 - (-163 - -147)) + 51?
65
5 + -2 + 6 + 2 + -11 + 8 - 8
0
What is the value of -7 + -3 - (-78 - (-37 - -27)) - -16?
74
Calculate -72 + -31 + -47 - -78.
-72
Evaluate (-3 + -3 - 12) + (-270 - -294).
6
What is the value of -175 - ((3 - 119) + 11)?
-70
What is the value of 73 + -3 + 16 + -45?
41
What is the value of -115 - -61 - -18 - 13?
-49
Evaluate (46 - 33) + (30 - 33) + (-51 - 0).
-41
Calculate 0 - (-17 - -7) - ((6 - (4 - -27)) + 4).
31
(54 - 57) + -6 + 36
27
What is -11 + 3 + (77 - (-18 + 84))?
3
Evaluate (16 - 1) + 6 + (836 - 932).
-75
(13 + (7 - (11 + 2)) - 9) + (7 - 72)
-67
Evaluate (-4911 - -4907) + (4 + (-2 - 4) - -37).
31
Calculate 3002 + -3060 - (5 + 7).
-70
What is (-12 - (-17 - -8)) + -6 + 2 + 1 + 6?
0
What is the value of (-37 - (-20 - (-29 + 109))) + 6?
69
What is the value of (-12 - -7) + 16 + -2 + 15 + -24 + 10?
10
Evaluate (3 - -4 - 5) + (19 + -12 - -8).
17
Calculate 19 - ((-2 - ((27 - 21) + 7)) + (1 - -11)).
22
What is 12 + (2 - 3 - -6) + -77 + 71?
11
What is the value of 6 + 0 + (13 - 16) + 0 + 31?
34
What is the value of 120 + -115 - (7 + -11)?
9
What is the value of (-53 - (-3 - -1)) + (-39 + 17 - 3 - -31)?
-45
What is (-1560 - -1583) + (-25 - -1) - (31 + -1)?
-31
-34 + (-6 - -25) - -7 - (-4 + -6 + 3)
-1
(3 - 9 - -18) + -28 + 15
-1
Evaluate 91 + -49 - 25 - (-32 - 4).
53
What is the value of 1 - (0 + 5 + -21 + 12) - (-45 + 17)?
33
Calculate 35 + -1 - (-15 + 2 + -31 + 53).
25
Evaluate -40 - (-9 + (13 - (38 + -30))).
-36
Calculate -6 + (95 + 2 + 1 - (67 - (65 - 10))).
80
Evaluate (52 - (-77 - 15)) + -73.
71
What is the value of -5 - -8 - (-69 + 39 + 36)?
-3
Calculate 0 - 69 - (13 - (-10 + 36)) - 5.
-61
Evaluate 1589 - 1608 - ((3 - 4 - 13) + 0).
-5
4 + (-5 - 4) + (-2 + 17 - -16)
26
What is -39 + 13 + -3 - -62 - 13?
20
What is -57 - ((164 - 131) + -82)?
-8
What is the value of -21 + (8 - (26 - 9 - 9)) + 9?
-12
What is -12 + 27 + (95 - 93)?
17
What is the value of 5 + (6 - (-69 - -56))?
24
Calculate -16 + 5 + -109 + 150.
30
Calculate -49 - (-99 - -28 - 57).
79
-34 + -8 + -1 - (100 - 130)
-13
Calculate (2 - (-2 - -10)) + 18 + 73 + -103.
-18
Calculate -49 + -8 - -146 - (-40 + 17).
112
What is 21 + (1 - 0) + -2 + -535 + 500?
-15
Calculate (-13 - (-12 + 3 + 1)) + 10 + 29.
34
What is the value of 12 + -1 + 19 + (60 - 55 - 29)?
6
What is (26 - -2) + (6552 - 6560)?
20
36 - (26 - -33 - 61)
38
Evaluate 13 + -62 - (-15 - -15 - 6).
-43
Calculate 4 + (-46 - 57 - -141).
42
Evaluate (22 - 16) + (25 - (-12 - -25)).
18
Evaluate 0 + (4 - 74) - -43.
-27
What is the value of -24 + 18 - (-4 + 4 + 5 - -7)?
-18
What is -59 + 1 + (3578 - 3524)?
-4
What is the value of (-12 - -32) + -150 + 57?
-73
What is -96 - -89 - ((13 - 26) + 69 + (0 - 5))?
-58
Evaluate (-30 - -64 - 46) + -4 + -23.
-39
What is 131 + 74 + -319 - -35?
-79
20 - (1 + -5 - 5 - (-1 - 10 - -1))
19
Evaluate 1 - -29 - (110 + -90 - -4) - (3 - -1).
2
Calculate (99 - (-1 + -3)) + (-9219 - -9253).
137
Calculate -54 + 6 + -10 + (25 - -1 - 12).
-44
What is (39 - -40 - 155) + 53?
-23
Evaluate -30 - 7 - (-51 - -90) - -44.
-32
What is 8 + 0 + -9 + -7 + -3?
-11
-76 + (-8 - -6) + 0 + 1
-77
What is the value of (12 + -7 + -17 - -5) + 3 + 1 + -38?
-41
What is the value of 82 + ((18 - -1) + 22 - 19)?
104
What is the value of 20 + (89 - 4 - 87)?
18
-11 - (4 + -6) - (-27 + 1 + 22)
-5
What is the value of -78 + 0 - (2 - ((83 - 38) + -52))?
-87
-801 - -772 - (-52 - 1) - 21
3
What is the value of -40 - ((-13 + 25 - -6) + -8)?
-50
What is the value of -85 - (-110 - (-19 - -24))?
30
What is the value of (-13 - (-3 - (11 + 11 + -12))) + -58?
-58
Evaluate 14 + 5 + 1 + (2 - (-10 - -21)) + 50.
61
Calculate 59 - (-43 + -26 + 82 - (-7 - 0)).
39
What is the value of (2 + 7 - (36 - 14) - 20) + 13?
-20
Calculate (-585 - -601) + -1 + -61.
-46
Calculate -11 + -5 + -2 + 4 + 11.
-3
Evaluate -22 + -38 + (37 - -4).
-19
Evaluate -8 + 49 + 8 + 128 + -144.
33
What is -78 - (-3 - (1 + -28 + 14 - -19))?
-69
1 + (2 - (11 + -23)) + (-7 - 3)
5
Evaluate -72 - -109 - (-2 - ((3 - 3) + -6)) - 7.
26
-4 - (-20 + 1) - (-11 - -18 - 22)
30
Calculate 22 + (-1 - 20) + -3 + 11.
9
What is -68 + (12 - -101) + -2 + 64?
107
What is 0 - ((-27 - -21) + 0 - (-2 - -1))?
5
Evaluate 11 + -5 + (2 + -7 - (20 - (-20 + 12))).
-27
What is 8 + 29 + 30 + -49 + -29?
-11
What is the value of 1 + 2 - (74 - (-26 + (10 - 27)))?
-114
What is the value of 27 + (16 - 47) - (1 - 60 - -2)?
53
What is the value of (-2 - 0) + -1 + 11 + 2 + -2 + 7?
15
Evaluate 179 - 191 - (24 - 0) - 4.
-40
Calculate -46 - ((7 - -14) + 1 + -47).
-21
What is 201 + (-44 - 189) - (3 - 1)?
-34
Calculate 5598 + -5605 + 0 + 47.
40
Calculate -65 - -19 - 3 - -66.
17
What is 57 - 107 - (4 - 22)?
-32
Calculate -37 + (11 - (-2 - -3)) + (147 - 157).
-37
What is 46 + -156 + 7 - -49?
-54
Evaluate (-7 - (-10 - 14)) + 48 + -7 + 13.
71
What is 8 - ((-3 - 2) + 1 + (-1 - -10 - 25))?
28
What is the value of (0 - -18) + (-983 - -972 - (1 - 17))?
23
Calculate (0 - -14) + 0 + (10 - 20 - -6) + -1.
9
What is (-7 - 1) + (-19 - (22 + (-86 - -16) + 23))?
-2
Calculate 22 + 13 - (1 + 55).
-21
Evaluate (26 - 3) + (-37 + 3 - 10).
-21
-9 - (58 + -85 + 40)
-22
Calculate -49 - -78 - (7 - 16).
38
Calculate (-9 - (-25 + 41 - 36)) + -2 + 5 + -14.
0
18 - (-14 + -9 - -64) - -22
-1
Calculate (-3 - (-1 + 1)) + (221 + -164 - (3 - -92)).
-41
Calculate 5 + 2 + -13 - (10 + (-15 + -2 - -5)).
-4
What is 2 + (-2 - -1) + -66 + (-137 - -141) + 7?
-54
17 + (84 - (-33 - (-34 - 12)))
8